47
What is the highest common divisor of 3502 and 927?
103
What is the highest common divisor of 220 and 5?
5
Calculate the highest common factor of 151 and 4379.
151
Calculate the highest common divisor of 1116 and 72.
36
Calculate the highest common divisor of 560 and 32.
16
What is the greatest common factor of 6355 and 620?
155
What is the greatest common divisor of 14 and 2954?
14
What is the highest common divisor of 21 and 189?
21
What is the greatest common divisor of 28 and 434?
14
What is the highest common divisor of 6 and 3282?
6
Calculate the highest common factor of 46 and 483.
23
What is the greatest common factor of 60 and 48?
12
Calculate the highest common divisor of 6 and 78.
6
What is the greatest common factor of 39 and 33?
3
Calculate the greatest common divisor of 132 and 84.
12
What is the greatest common divisor of 209 and 95?
19
What is the greatest common factor of 756 and 7?
7
Calculate the greatest common factor of 123 and 451.
41
What is the greatest common divisor of 255 and 7035?
15
Calculate the highest common factor of 75 and 555.
15
What is the greatest common divisor of 1352 and 91?
13
Calculate the highest common factor of 16410 and 30.
30
What is the highest common divisor of 31190 and 10?
10
Calculate the greatest common factor of 7750 and 310.
310
What is the highest common factor of 548 and 2329?
137
Calculate the greatest common divisor of 750 and 15.
15
Calculate the greatest common divisor of 7 and 129.
1
Calculate the highest common divisor of 87 and 1189.
29
Calculate the highest common factor of 3684 and 24.
12
Calculate the highest common factor of 20 and 15.
5
Calculate the greatest common divisor of 112 and 32.
16
What is the highest common divisor of 8 and 182?
2
Calculate the greatest common factor of 91 and 26.
13
Calculate the highest common factor of 16 and 1168.
16
What is the greatest common factor of 8 and 9688?
8
What is the highest common factor of 1510 and 1661?
151
What is the greatest common factor of 606 and 42?
6
Calculate the highest common divisor of 40602 and 67.
67
What is the highest common divisor of 1269 and 27?
27
Calculate the highest common divisor of 6 and 1146.
6
Calculate the greatest common divisor of 270 and 162.
54
What is the greatest common factor of 300 and 40?
20
What is the highest common divisor of 90 and 23550?
30
What is the highest common factor of 54 and 522?
18
Calculate the highest common factor of 13 and 3380.
13
What is the greatest common factor of 110 and 31130?
110
Calculate the highest common divisor of 1056 and 96.
96
What is the greatest common divisor of 687 and 7328?
229
Calculate the greatest common factor of 16880 and 80.
80
Calculate the highest common divisor of 4200 and 490.
70
What is the highest common factor of 45 and 105?
15
Calculate the highest common divisor of 5775 and 189.
21
Calculate the highest common factor of 16 and 4592.
16
Calculate the greatest common factor of 68 and 476.
68
What is the highest common divisor of 18 and 8?
2
Calculate the highest common factor of 158 and 79.
79
Calculate the greatest common divisor of 2416 and 112.
16
Calculate the greatest common factor of 2 and 1877.
1
Calculate the highest common factor of 144 and 2264.
8
Calculate the greatest common factor of 299 and 46.
23
Calculate the highest common divisor of 1980 and 80.
20
What is the highest common factor of 427 and 7?
7
Calculate the greatest common divisor of 21 and 2688.
21
What is the greatest common factor of 833 and 68?
17
Calculate the highest common divisor of 322 and 138.
46
What is the greatest common factor of 46 and 46?
46
Calculate the greatest common divisor of 539 and 11.
11
What is the highest common divisor of 20871 and 27?
27
Calculate the greatest common factor of 54 and 189.
27
Calculate the greatest common factor of 13760 and 128.
64
What is the highest common divisor of 944 and 32?
16
Calculate the highest common divisor of 16 and 1376.
16
What is the greatest common divisor of 110 and 160?
10
What is the greatest common factor of 243 and 162?
81
What is the highest common divisor of 60 and 510?
30
What is the highest common divisor of 224 and 10016?
32
What is the highest common divisor of 908 and 4?
4
Calculate the greatest common divisor of 216 and 1536.
24
What is the highest common factor of 6050 and 22?
22
What is the highest common divisor of 34 and 3298?
34
Calculate the highest common factor of 1846 and 284.
142
Calculate the greatest common divisor of 250 and 75.
25
Calculate the greatest common divisor of 6 and 2694.
6
What is the highest common divisor of 12 and 768?
12
What is the highest common divisor of 584 and 224?
8
Calculate the highest common divisor of 686 and 14.
14
What is the highest common factor of 5330 and 130?
130
Calculate the highest common factor of 195 and 2600.
65
What is the greatest common divisor of 59 and 4661?
59
Calculate the greatest common divisor of 183 and 7808.
61
Calculate the highest common factor of 1850 and 150.
50
What is the greatest common factor of 17867 and 17?
17
Calculate the highest common divisor of 3 and 12.
3
What is the greatest common factor of 34 and 46954?
34
What is the highest common factor of 64 and 4544?
64
Calculate the greatest common factor of 4 and 268.
4
Calculate the highest common divisor of 1127 and 6601.
161
What is the greatest common factor of 26 and 910?
26
What is the highest common divisor of 13205 and 38?
19
What is the highest common factor of 32 and 1124?
4
Calculate the highest common factor of 1387 and 19.
19
What is the greatest common divisor of 4 and 68?
4
Calculate the greatest common divisor of 414 and 92.
46
Calculate the greatest common factor of 38 and 6.
2
Calculate the highest common factor of 15965 and 124.
31
What is the greatest common divisor of 195 and 135?
15
Calculate the highest common divisor of 1586 and 130.
26
Calculate the greatest common factor of 9 and 8919.
9
Calculate the highest common factor of 770 and 1694.
154
What is the highest common divisor of 80 and 720?
80
What is the greatest common divisor of 84 and 156?
12
What is the highest common divisor of 1056 and 33?
33
What is the greatest common factor of 5484 and 6?
6
Calculate the greatest common divisor of 125 and 1325.
25
What is the highest common factor of 20375 and 500?
125
What is the greatest common factor of 8 and 1784?
8
What is the highest common divisor of 54 and 7371?
27
Calculate the highest common divisor of 30 and 6.
6
What is the highest common factor of 3 and 475?
1
Calculate the greatest common divisor of 54 and 89478.
54
Calculate the greatest common divisor of 1044 and 29.
29
What is the greatest common divisor of 14724 and 27?
9
What is the greatest common factor of 8 and 12640?
8
Calculate the greatest common factor of 12800 and 64.
64
What is the greatest common factor of 1513 and 255?
17
What is the highest common divisor of 8449 and 238?
119
Calculate the highest common divisor of 38 and 418.
38
What is the greatest common factor of 1970 and 10?
10
What is the greatest common factor of 85 and 10?
5
Calculate the greatest common divisor of 500 and 60.
20
Calculate the greatest common factor of 45 and 6705.
45
What is the highest common divisor of 12 and 17196?
12
Calculate the highest common divisor of 6419 and 196.
49
What is the highest common factor of 1260 and 70?
70
What is the greatest common divisor of 60 and 675?
15
Calculate the highest common factor of 18 and 846.
18
Calculate the highest common divisor of 280 and 1925.
35
What is the highest common factor of 658 and 42?
14
Calculate the highest common divisor of 111 and 3700.
37
What is the highest common divisor of 192 and 1308?
12
What is the highest common factor of 795 and 30?
15
Calculate the highest common factor of 7 and 512.
1
What is the greatest common factor of 13 and 403?
13
Calculate the greatest common divisor of 225 and 135.
45
Calculate the highest common factor of 3850 and 250.
50
Calculate the highest common factor of 51 and 799.
17
What is the highest common factor of 3780 and 60?
60
What is the highest common divisor of 376 and 64?
8
What is the highest common divisor of 178 and 1068?
178
Calculate the highest common divisor of 88 and 5687.
11
Ca